{"id":1112,"date":"2024-10-08T08:09:16","date_gmt":"2024-10-08T08:09:16","guid":{"rendered":"https:\/\/demo.nuovaicona.it\/bresciaconfagricoltura\/?page_id=1112"},"modified":"2024-10-08T08:09:16","modified_gmt":"2024-10-08T08:09:16","slug":"la-privacy-policy-di-questo-sito","status":"publish","type":"page","link":"https:\/\/brescia.confagricoltura.it\/ita\/la-privacy-policy-di-questo-sito\/","title":{"rendered":"LA PRIVACY POLICY DI QUESTO SITO"},"content":{"rendered":"<p><strong>LO SCOPO DELL&#8217;INFORMATIVA<\/strong><\/p>\n<p>Lo scopo di questa pagina \u00e8 descrivere le modalit\u00e0 di gestione del sito in riferimento al trattamento dei dati personali degli utenti che lo consultano, i quali saranno trattati secondo regole di liceit\u00e0, correttezza, pertinenza e non eccedenza.<br \/>\nSi tratta di un&#8217;informativa che \u00e8 resa\u00a0a coloro che interagiscono con i servizi\u00a0<em>web<\/em>\u00a0di Confagricoltura Brescia, accessibili per via internet\u00a0 a partire dall&#8217;indirizzo: , corrispondente alla pagina iniziale del sito ufficiale di Confagricoltura Brescia.<\/p>\n<p>L&#8217;informativa \u00e8 resa solo per il sito di Confagricoltura Brescia, e non anche per altri siti\u00a0<em>web<\/em>\u00a0eventualmente consultati dall&#8217;utente tramite\u00a0<em>link<\/em>.<\/p>\n<p><strong>TITOLARE E RESPONSABILE<\/strong><\/p>\n<p>Il Titolare dei trattamenti descritti \u00e8 Confagricoltura Brescia, con sede in Via Creta, 50 Brescia.<br \/>\nLe operazioni di trattamento saranno effettuate da Incaricati designati dal Titolare e\/o dal Responsabile del trattamento, i quali opereranno sotto la loro diretta autorit\u00e0 nel rispetto delle istruzioni ricevute.<\/p>\n<p><strong>SOGGETTI A CUI I DATI PERSONALI POSSONO ESSERE COMUNICATI O CHE POSSONO VENIRNE A CONOSCENZA IN QUALIT\u00c0 DI RESPONSABILI O INCARICATI DEL TRATTAMENTO<\/strong><\/p>\n<p>I Suoi dati potranno essere comunicati a societ\u00e0 esterne, della cui collaborazione Confagricoltura Brescia riterr\u00e0 di avvalersi, che garantiscono in ogni caso l\u2019adozione di criteri di sicurezza e di riservatezza equivalenti a quelli adottati da Confagricoltura Brescia e che opereranno in qualit\u00e0 di Responsabili esterni del trattamento.<\/p>\n<p>I Suoi dati personali potranno essere comunicati a terzi per adempiere ad obblighi di legge, ovvero per rispettare ordini provenienti da pubbliche autorit\u00e0 ovvero per esercitare un diritto in sede giudiziaria.<\/p>\n<p><strong>TIPI DI DATI TRATTATI<\/strong><\/p>\n<p><em>Dati di navigazione<\/em><\/p>\n<p>I sistemi informatici e le procedure\u00a0<em>software<\/em>\u00a0preposte al funzionamento di questo sito\u00a0<em>web<\/em>\u00a0acquisiscono, nel corso del loro normale esercizio, alcuni dati personali (c.d.\u00a0<em>log files<\/em>) la cui trasmissione \u00e8 implicita nell&#8217;uso dei protocolli di comunicazione di Internet.<\/p>\n<p>Si tratta di informazioni che non sono raccolte per essere associate a interessati identificati, ma che per loro stessa natura potrebbero, attraverso elaborazioni ed associazioni con dati detenuti da terzi, permettere di identificare gli utenti.<\/p>\n<p>In questa categoria di dati rientrano gli indirizzi IP o i nomi a dominio dei computer utilizzati dagli utenti che si connettono al sito, gli indirizzi in notazione\u00a0<em>URI (Uniform Resource Identifier)<\/em>\u00a0delle risorse richieste, l&#8217;orario della richiesta, il metodo utilizzato nel sottoporre la richiesta al server, la dimensione del file ottenuto in risposta, il codice numerico indicante lo stato della risposta data dal\u00a0<em>server<\/em>\u00a0(buon fine, errore, ecc.) ed altri parametri relativi al sistema operativo e all&#8217;ambiente informatico dell&#8217;utente.<\/p>\n<p>Questi dati vengono utilizzati al solo fine di ricavare informazioni statistiche anonime sull&#8217;uso del sito e per controllarne il corretto funzionamento. I dati potrebbero essere\u00a0utilizzati per l&#8217;accertamento di responsabilit\u00e0 in caso di ipotetici reati informatici ai danni del sito e potranno essere esibiti all&#8217;Autorit\u00e0 Giudiziaria, qualora questa ne faccia esplicita richiesta.<\/p>\n<p><em>Dati forniti volontariamente dall&#8217;utente<\/em><\/p>\n<p>L&#8217;invio facoltativo, esplicito e volontario di posta elettronica agli indirizzi indicati su questo sito comporta la successiva acquisizione dell&#8217;indirizzo del mittente, necessario per rispondere alle richieste, nonch\u00e9 degli eventuali altri dati personali inseriti nella missiva.<\/p>\n<p>Specifiche informative di sintesi verranno progressivamente riportate o visualizzate nelle pagine del sito predisposte per particolari servizi a richiesta.<\/p>\n<p><strong>INFORMATIVA SUI COOKIE<\/strong><\/p>\n<p><em>Che cosa \u00e8 un cookie?<\/em><\/p>\n<p>Che cosa \u00e8 un cookie? Un cookie \u00e8 un piccolo file di testo che viene memorizzato dal computer nel momento in cui un sito web viene visitato da un utente. Il testo memorizza informazioni che il sito \u00e8 in grado di leggere nel momento in cui viene consultato in un secondo momento. Alcuni di questi cookie sono necessari al corretto funzionamento del sito, altri sono invece utili al visitatore perch\u00e9 in grado di memorizzare in modo sicuro ad esempio il nome utente o le impostazioni di lingua. Il vantaggio di avere dei cookie installati nel proprio pc \u00e8 quello di non aver pi\u00f9 bisogno di compilare le stesse informazioni ogni qualvolta si voglia accedere ad un sito visitato in precedenza.<\/p>\n<p><em>Perch\u00e9\u00a0<\/em>Confagricoltura Brescia\u00a0<em>utilizza i cookie?<\/em><\/p>\n<p>Confagricoltura Brescia utilizza i cookie al fine di fornire ai propri clienti un&#8217;esperienza di navigazione modellata il pi\u00f9 possibile intorno ai suoi gusti e preferenze. Tramite i cookie Confagricoltura Brescia fa in modo che ad ogni visita sul sito non si debbano ricevere o inserire le stesse informazioni. I cookie vengono utilizzati anche al fine di ottimizzare le prestazioni del sito web: essi infatti rendono pi\u00f9 facile sia il procedimento finale di acquisto che la ricerca veloce di elementi e prodotti specifici all&#8217;interno del sito. Al fine di proteggere i propri dati personali da possibili perdite e da qualsiasi forma di trattamento illecito Confagricoltura Brescia ha preso opportune misure tecniche ed organizzative.<\/p>\n<p><em>Cookie di prima parte<\/em><\/p>\n<p>I cookie di prima parte (first-part cookies), sono i cookie generati e utilizzati dal gestore del sito sul quale l&#8217;utente sta navigando. Questi cookie, tecnici e di performance, sono limitati: nel primo caso alla trasmissione di identificativi di sessione (costituiti da numeri casuali generati dal server) che consentono una navigazione sicura ed efficiente del sito web; nel secondo caso utilizzati a fini statistici per la rilevazione degli utenti unici, dei contenuti visualizzati o scaricati ecc., ne \u00e8 un esempio Google Analytics. I dati sono memorizzati in maniera anonima e vengono utilizzati in modo aggregato. In particolare, per disabilitare i cookie di Google Analytics, \u00e8 possibile utilizzare un apposito componente aggiuntivo messo a disposizione da Google. Per installarlo\u00a0<u><a href=\"https:\/\/tools.google.com\/dlpage\/gaoptout?hl=it\" target=\"_blank\" rel=\"noopener\">clicca qui<\/a><\/u>.<\/p>\n<p><em>Cookie di terza parte<\/em><\/p>\n<p>I cookie di terze parte (third-part cookies), come ad esempio quello impostato dal pulsante &#8220;Mi piace&#8221; di Facebook, sono cookie generati e utilizzati da soggetti diversi dal gestore del sito sul quale l&#8217;utente sta navigando, sulla base di contratti tra titolare del sito web e la relativa terza parte. Alcuni inserzionisti pubblicitari utilizzano questi cookie per tracciare le visite dell&#8217;utente sui siti nei quali offrono i propri servizi.<\/p>\n<p><em>Come posso disattivare i cookie?<\/em><\/p>\n<p>\u00c8 possibile modificare il browser per disattivare i cookie tramite una procedura molto semplice. Attenzione: disattivando i cookie sia nome utente che password non saranno pi\u00f9 memorizzati sul box di login del sito.<\/p>\n<p><strong>Firefox:<\/strong><\/p>\n<ol>\n<li>Apri Firefox<\/li>\n<li>Premi il pulsante &#8220;Alt&#8221; sulla tastiera.<\/li>\n<li>Nella barra degli strumenti situata nella parte superiore del browser, seleziona &#8220;Strumenti&#8221; e successivamente &#8220;Opzioni&#8221;.<\/li>\n<li>Seleziona quindi la scheda &#8220;Privacy&#8221;.<\/li>\n<li>Vai su &#8220;Impostazioni Cronologia:&#8221; e successivamente su &#8220;Utilizza impostazioni personalizzate&#8221;. Deseleziona &#8220;Accetta i cookie dai siti&#8221; e salva le preferenze.<\/li>\n<\/ol>\n<p><strong>Internet Explorer:<\/strong><\/p>\n<ol>\n<li>Apri Internet Explorer.<\/li>\n<li>Clicca sul pulsante &#8220;Strumenti&#8221; e quindi su &#8220;Opzioni Internet&#8221;.<\/li>\n<li>Seleziona la scheda &#8220;Privacy&#8221; e sposta il dispositivo di scorrimento sul livello di privacy che desideri impostare (verso l&#8217;alto per bloccare tutti i cookie o verso il basso per consentirli tutti).<\/li>\n<li>Quindi clicca su OK.<\/li>\n<\/ol>\n<p><strong>Google Chrome:<\/strong><\/p>\n<ol>\n<li>Apri Google Chrome.<\/li>\n<li>Clicca sull&#8217;icona &#8220;Strumenti&#8221;.<\/li>\n<li>Seleziona &#8220;Impostazioni&#8221; e successivamente &#8220;Impostazioni avanzate&#8221;.<\/li>\n<li>Seleziona &#8220;Impostazioni dei contenuti&#8221; sotto la voce &#8220;Privacy&#8221;.<\/li>\n<li>Dalla scheda &#8220;Cookie e dati dei siti&#8221; dove sar\u00e0 possibile cercare e cancellare specifici cookie.<\/li>\n<\/ol>\n<p>oppure<\/p>\n<ol>\n<li>Digita\u00a0<em>chrome:\/\/settings\/cookie<\/em>\u00a0nella barra degli indirizzi e premi\u00a0<em>invio<\/em>.<\/li>\n<li>Accederai alla scheda &#8220;Cookie e dati dei siti&#8221; dove sar\u00e0 possibile cercare e cancellare specifici cookie.<\/li>\n<\/ol>\n<p><strong>Safari:<\/strong><\/p>\n<ol>\n<li>Apri Safari.<\/li>\n<li>Scegli &#8220;Preferenze&#8221; nella barra degli strumenti, quindi seleziona il pannello &#8220;Sicurezza&#8221; nella finestra di dialogo che segue.<\/li>\n<li>Nella sezione &#8220;Accetta cookie&#8221; \u00e8 possibile specificare se e quando Safari deve salvare i cookie dai siti web. Per ulteriori informazioni clicca sul pulsante di Aiuto (contrassegnato da un punto interrogativo).<\/li>\n<li>Per maggiori informazioni sui cookie che vengono memorizzati sul vostro computer, clicca su &#8220;Mostra cookie&#8221;.<\/li>\n<\/ol>\n<p>&nbsp;<\/p>\n<p><strong>FACOLTATIVITA&#8217; DEL CONFERIMENTO DEI DATI<\/strong><\/p>\n<p>Il conferimento dei dati \u00e8 facoltativo.<br \/>\nTuttavia il rifiuto dell&#8217;interessato a fornire i propri dati personali determiner\u00e0 per il Titolare l\u2019impossibilit\u00e0 di inviare proposte commerciali e informazioni sull&#8217;attivit\u00e0 della societ\u00e0.<\/p>\n<p><strong>MODALITA&#8217; DEL TRATTAMENTO<\/strong><\/p>\n<p>I dati personali sono trattati con strumenti automatizzati per il tempo strettamente necessario a conseguire gli scopi per cui sono stati raccolti.<\/p>\n<p>Specifiche misure di sicurezza sono osservate per prevenire la perdita dei dati, usi illeciti o non corretti ed accessi non autorizzati.<\/p>\n<p><strong>DIRITTI DEGLI INTERESSATI<\/strong><\/p>\n<p>L&#8217;interessato ha diritto di ottenere la conferma dell&#8217;esistenza o meno di dati personali che lo riguardano e la loro comunicazione in forma intelligibile.<br \/>\nL&#8217;interessato ha diritto di conoscere il contenuto e l&#8217;origine dei dati personali.<\/p>\n<p>L&#8217;interessato ha altres\u00ec diritto di ottenere:<\/p>\n<p>a) l&#8217;aggiornamento, la rettificazione ovvero, quando vi ha interesse, l&#8217;integrazione dei dati;<\/p>\n<p>b) la cancellazione, la trasformazione in forma anonima o il blocco dei dati trattati in violazione di legge, compresi quelli di cui non \u00e8 necessaria la conservazione in relazione agli scopi per i quali i dati sono stati raccolti o successivamente trattati;<\/p>\n<p>c) l&#8217;attestazione che le operazioni di cui alle lettere a) e b) sono state portate a conoscenza, anche per quanto riguarda il loro contenuto, di coloro ai quali i dati sono stati comunicati o diffusi, eccettuato il caso in cui tale adempimento si rivela impossibile o comporta un impiego di mezzi manifestamente sproporzionato rispetto al diritto tutelato.<\/p>\n<p>L&#8217;interessato, infine, ha diritto di opporsi, in tutto o in parte:<\/p>\n<p>a) per motivi legittimi al trattamento dei dati personali che lo riguardano, ancorch\u00e9 pertinenti allo scopo della raccolta;<\/p>\n<p>b) al trattamento di dati personali che lo riguardano a fini di invio di materiale pubblicitario o di vendita diretta o per il compimento di ricerche di mercato o di comunicazione commerciale.<\/p>\n<p>&nbsp;<\/p>\n<p>In ogni caso l\u2019interessato rester\u00e0 libero in ogni momento di revocare i consensi dallo stesso prestati, inviando senza formalit\u00e0 una comunicazione in tal senso a Confagricoltura Brescia,\u00a0all&#8217;indirizzo segreteriagenerale@confagricolturabrescia.it<\/p>\n","protected":false},"excerpt":{"rendered":"<p>LO SCOPO DELL&#8217;INFORMATIVA Lo scopo di questa pagina \u00e8 descrivere le modalit\u00e0 di gestione del sito in riferimento al trattamento dei dati personali degli utenti che lo consultano, i quali saranno trattati secondo regole di liceit\u00e0, correttezza, pertinenza e non eccedenza. Si tratta di un&#8217;informativa che \u00e8 resa\u00a0a coloro che interagiscono con i servizi\u00a0web\u00a0di Confagricoltura <a href=\"https:\/\/brescia.confagricoltura.it\/ita\/la-privacy-policy-di-questo-sito\/\" class=\"more-link\">&#8230;<span class=\"screen-reader-text\">  LA PRIVACY POLICY DI QUESTO SITO<\/span><\/a><\/p>\n","protected":false},"author":3,"featured_media":0,"parent":0,"menu_order":0,"comment_status":"closed","ping_status":"closed","template":"","meta":{"_acf_changed":false,"footnotes":""},"class_list":["post-1112","page","type-page","status-publish","hentry"],"acf":[],"_links":{"self":[{"href":"https:\/\/brescia.confagricoltura.it\/ita\/wp-json\/wp\/v2\/pages\/1112","targetHints":{"allow":["GET"]}}],"collection":[{"href":"https:\/\/brescia.confagricoltura.it\/ita\/wp-json\/wp\/v2\/pages"}],"about":[{"href":"https:\/\/brescia.confagricoltura.it\/ita\/wp-json\/wp\/v2\/types\/page"}],"author":[{"embeddable":true,"href":"https:\/\/brescia.confagricoltura.it\/ita\/wp-json\/wp\/v2\/users\/3"}],"replies":[{"embeddable":true,"href":"https:\/\/brescia.confagricoltura.it\/ita\/wp-json\/wp\/v2\/comments?post=1112"}],"version-history":[{"count":1,"href":"https:\/\/brescia.confagricoltura.it\/ita\/wp-json\/wp\/v2\/pages\/1112\/revisions"}],"predecessor-version":[{"id":1113,"href":"https:\/\/brescia.confagricoltura.it\/ita\/wp-json\/wp\/v2\/pages\/1112\/revisions\/1113"}],"wp:attachment":[{"href":"https:\/\/brescia.confagricoltura.it\/ita\/wp-json\/wp\/v2\/media?parent=1112"}],"curies":[{"name":"wp","href":"https:\/\/api.w.org\/{rel}","templated":true}]}}